t v(s) = 1931*s + 58966. Determine v(-31).
-895
Let t(j) = -j**2 - 8316*j + 58286. What is t(7)?
25
Let o(u) = 6*u**3 + 24*u**2 - 32*u + 197. Calculate o(7).
3207
Let l(y) = -y**3 - 38*y**2 - 273*y - 343. Calculate l(-28).
-539
Let x(w) = -567*w - 36419. What is x(-67)?
1570
Let l(t) = 1176*t + 21469. What is l(-18)?
301
Let y(d) = 87808*d - 351214. What is y(4)?
18
Let a(q) = 82092*q + 1723933. What is a(-21)?
1
Let p(i) = 26080*i + 1929912. Give p(-74).
-8
Let m(n) = -2*n**2 + 192*n - 1315. Calculate m(80).
1245
Let i(k) = -20572*k + 143839. Give i(7).
-165
Let p(z) = 960*z + 3750. What is p(-3)?
870
Let h(s) = 53*s**2 + 5403*s - 28. Calculate h(-102).
278
Let l(v) = 457*v - 28340. Calculate l(62).
-6
Let k(w) = -231*w**2 - 1382*w + 43. Calculate k(-7).
-1602
Let d(l) = 8819*l**2 - 105813*l - 149. Give d(12).
31
Let b(z) = -347*z - 73864. Give b(-213).
47
Let w(h) = 1447*h + 31825. Give w(-22).
-9
Let o(i) = -673*i - 83463. Determine o(-124).
-11
Let t(a) = -9429*a + 1018366. What is t(108)?
34
Let q(o) = -114987*o - 805147. Give q(-7).
-238
Let l(t) = 15*t**2 - 138*t - 489. Calculate l(-6).
879
Let l(f) = 1051*f**2 - 13*f + 19. Calculate l(1).
1057
Let d(p) = -10*p**2 + 116*p + 190. Give d(28).
-4402
Let x(k) = 75*k**2 - 190*k + 238. Give x(3).
343
Let a(t) = 173*t**3 + 350*t**2 - 123*t - 237. Calculate a(-2).
25
Let o(s) = 3310*s - 45456. Calculate o(14).
884
Let n(u) = 9474*u + 75817. What is n(-8)?
25
Let u(s) = 18*s**3 + 3287*s**2 - 1256*s + 4587. Determine u(-183).
12
Let n(m) = 4*m**2 + 68*m - 381. Give n(-28).
851
Let r(t) = -237*t**3 - 7110*t**2 - 4*t - 114. Determine r(-30).
6
Let a(d) = -2*d**3 + 17089*d**2 + 34182*d + 5. Calculate a(-2).
13
Let u(v) = -6*v**3 - 325*v**2 - 624*v + 2695. Calculate u(-52).
-9
Let k(j) = 9184*j - 1496997. Give k(163).
-5
Let k(u) = u**2 - 52897*u + 4014403. What is k(76)?
7
Let n(t) = -44*t**2 - 50*t + 460. What is n(0)?
460
Let h(r) = 2162*r - 20905. What is h(8)?
-3609
Let j(r) = -2*r**2 + 635*r - 40549. Give j(229).
-16
Let x(n) = -2*n**3 - 16*n**2 - 19*n - 107. Determine x(-7).
-72
Let o(h) = -420*h - 17184. What is o(-43)?
876
Let l(y) = 10*y**2 - 2918*y - 3474. What is l(293)?
42
Let v(i) = -7669*i - 13671. Give v(-2).
1667
Let s(z) = -194523*z + 3. Determine s(0).
3
Let v(p) = 6015*p + 210448. Give v(-35).
-77
Let b(v) = 97013*v - 8828187. What is b(91)?
-4
Let q(k) = 4881*k + 87883. What is q(-18)?
25
Let l(w) = -714*w**2 - 4305*w - 14. Determine l(-6).
112
Let o(j) = -4*j**3 + 62*j**2 + 40*j + 52. Determine o(16).
180
Let i(b) = -1804*b + 27021. What is i(15)?
-39
Let z(y) = -4328*y - 1501693. Calculate z(-347).
123
Let s(q) = -2*q**2 + 85*q + 32948. Calculate s(151).
181
Let a(w) = -17623*w - 2872554. Determine a(-163).
-5
Let y(h) = -2*h**2 + 879*h + 13399. Calculate y(-15).
-236
Let h(v) = -v**3 + 5*v**2 + 134*v - 79. Give h(13).
311
Let k(a) = 2315*a - 16883. Determine k(7).
-678
Let r(j) = -902*j + 26985. Calculate r(30).
-75
Let q(i) = -i**3 + 2*i**2 - 718203*i + 2872844. What is q(4)?
0
Let b(r) = -2*r**2 - 81*r - 654. Give b(-14).
88
Let c(h) = 205*h**2 - 55553*h - 579. Calculate c(271).
-37
Let f(r) = 153*r**2 + 577*r - 933. What is f(-5)?
7
Let y(g) = -45*g**2 - 3691*g - 28. Determine y(-82).
54
Let g(a) = -6*a**3 + 3*a**2 + 30*a + 35. Calculate g(-3).
134
Let b(g) = -1674*g + 107146. Calculate b(64).
10
Let c(v) = -132*v**2 - 2621*v + 392. Calculate c(-20).
12
Let s(k) = -3*k**2 - 36*k + 2087. What is s(-33)?
8
Let c(v) = 3*v**3 - 65*v**2 - 31*v - 197. Give c(23).
1206
Let o(m) = -139*m**2 + 3640*m + 14588. What is o(-4)?
-2196
Let u(c) = -758*c - 2970. What is u(-4)?
62
Let k(z) = 132*z - 118. Determine k(-2).
-382
Let g(s) = -2932*s - 19034. What is g(-6)?
-1442
Let q(o) = -12640*o - 505584. Determine q(-40).
16
Let j(f) = -1167*f + 8905. Give j(9).
-1598
Let s(l) = 6*l**2 - 3386*l + 105230. Give s(33).
26
Let d(l) = -l**3 + 518*l**2 - 1608*l + 32390. Give d(515).
-55
Let w(u) = -933*u + 15002. What is w(16)?
74
Let u(b) = 7265*b + 719116. Determine u(-99).
-119
Let c(y) = 74*y**2 + 5*y + 53. Determine c(-8).
4749
Let w(m) = -19*m**2 + 982*m + 2076. Calculate w(54).
-300
Let g(v) = 3*v**2 + 38692*v + 154806. Calculate g(-4).
86
Let v(d) = -19*d**3 - 1769*d**2 - 147*d + 3609. What is v(-93)?
-18
Let c(z) = -6499*z + 77996. Calculate c(12).
8
Let n(k) = k**2 - 3834*k - 170624. What is n(-44)?
8
Let w(d) = -d**2 - 509*d + 37978. Calculate w(-575).
28
Let x(y) = y**3 - 303*y**2 + 6160*y + 6162. Determine x(281).
-20
Let f(v) = -v**3 - 230*v**2 + 1908*v + 904. What is f(-238)?
-48
Let n(r) = 54699*r**2 - 765786*r + 13. Give n(14).
13
Let p(v) = -6*v**2 - 653*v - 12126. Calculate p(-24).
90
Let s(b) = 18*b**2 + 269*b - 50. What is s(-6)?
-1016
Let s(a) = 53*a**3 - 1537*a**2 + a - 28. Determine s(29).
1
Let x(v) = -6*v - 48. Determine x(0).
-48
Let i(p) = -p**3 - 237*p**2 + 960*p - 1027. Calculate i(-241).
-63
Let u(k) = -2*k**3 + 98*k**2 - 64*k - 1541. What is u(48)?
-5
Let o(i) = 215*i + 70529. What is o(-328)?
9
Let t(u) = 15*u**2 + 649*u - 81. What is t(-47)?
2551
Let b(w) = w**3 + 113*w**2 + 538*w - 165. Determine b(-108).
51
Let s(h) = -h**3 + 40*h**2 + 692*h - 380. Calculate s(53).
-221
Let h(s) = 628*s**2 + 8163*s - 28. What is h(-13)?
-15
Let z(o) = -3*o**3 + 59*o**2 - 387*o - 217. Calculate z(7).
-1064
Let w(k) = -k**3 + 105*k**2 - 130*k + 2698. Calculate w(104).
-6
Let c(h) = 7*h**2 - 388*h + 826. Calculate c(53).
-75
Let s(f) = -5*f**2 + 492*f + 2895. Determine s(104).
-17
Let z(n) = -n**3 - 76*n**2 + 2*n + 560. What is z(-76)?
408
Let o(g) = g**3 + 34*g**2 + 203*g - 71. Give o(-25).
479
Let t(y) = 402178*y + 3217423. Give t(-8).
-1
Let u(f) = -2*f**3 - 357*f**2 - 545*f - 2349. Determine u(-177).
129
Let w(j) = j**2 + 8444*j - 923619. Calculate w(108).
-3
Let j(t) = 108*t + 6349. What is j(-61)?
-239
Let c(d) = 23*d**3 - 144*d**2 - 335*d - 108. Give c(-2).
-198
Let a(d) = -d**3 - 39*d**2 - 275*d + 921. Calculate a(-24).
-1119
Let i(n) = -18*n - 1831. Determine i(-53).
-877
Let j(i) = 5501*i - 940728. Determine j(171).
-57
Let l(a) = -a**3 + 22*a**2 - 33*a + 91. Determine l(16).
1099
Let d(u) = -24*u**3 + 2421*u**2 + 299*u + 887. What is d(101)?
483
Let o(t) = -10*t**2 + 4287*t - 17063. Give o(4).
-75
Let o(y) = -6*y**2 + 709*y - 18062. Determine o(81).
1
Let i(v) = v**2 - 807*v - 4062. What is i(-5)?
-2
Let v(p) = 2*p**3 + 25*p + 3. Give v(-3).
-126
Let r(y) = -2*y**2 - 119*y + 185. Give r(-64).
-391
Let c(o) = 1704*o + 54714. What is c(-32)?
186
Let r(y) = -y**3 + 309*y**2 + 1832*y + 18249. Determine r(315).
-21
Let b(o) = 2*o**3 - 32*o**2 - 367*o + 235. Calculate b(23).
-800
Let s(t) = 2575*t**2 + 48911*t + 31. Calculate s(-19).
297
Let g(k) = -k**2 - 5309*k - 121817. What is g(-23)?
-239
Let l(p) = -2*p**3 - 10*p**2 + 673*p + 9130. What is l(-14)?
3236
Let r(w) = -6*w**3 + 12*w**2 + 44*w + 154. Determine r(-6).
1618
Let u(o) = 4*o**3 - 200*o**2 + 204*o - 32. What is u(49)?
360
Let d(t) = t**3 - 72*t**2 - 31*t + 2322. What is d(72)?
90
Let s(i) = i**3 + 257*i**2 + 507*i - 622. Determine s(-255).
143
Let v(y) = y**3 - 81*y**2 - 166*y + 1194. Give v(83).
1194
Let s(n) = -2*n**3 - 974*n**2 + 7920*n - 21. Calculate s(-495).
-21
Let u(p) = 1677*p - 7498. What is u(5)?
887
Let n(j) = 78*j - 50. Calculate n(3).
184
Let n(p) = -p**3 - 318*p**2 - 653*p - 6778. Determine n(-316).
-142
Let k(b) = 3250*b + 341230. Give k(-105).
-20
Let w(c) = c**2 - 1391*c + 64464. Give w(48).
0
Let k(o) = -8*o**2 + 2045*o - 51953. Determine k(227).
30
Let l(m) = -6330*m + 6168. Determine l(1).
-162
Let m(a) = -578*a**2 + 1181*a - 35. Give m(2).
15
Let d(n) = -379*n**3 + 4*n**2 - 137*n + 266. Determine d(2).
-3024
Let z(a) = 14*a**3 - 1864*a**2 + 287*a - 370. Calculate z(133).
2423
Let b(m) = 8*m**2 + 2974*m + 1946. Determine b(-371).
-280
Let n(f) = 13*f**3 - 2277*f**2 + 368*f - 2741. Calculate n(175).
409
Let m(x) = 93*x + 223. Calculate m(30).
3013
Let s(t) = t**3 - 43*t**2 - 99*t + 5940. Calculate s(42).
18
Let x(b) = -2*b**2 + 253*b + 14224. What is x(-42)?
70
Let y(b) = 17*b**3 + 416*b**2 - 2030*b + 5883. Give y(-29).
-4
Let r(h) = 5*h**2 - 498*h - 16720. Calculate r(126).
-88
Let x(v) = 2*v**3 + 365*v**2 + 253*v + 12959. Calculate x(-182).
37
Let w(y) = y**3 - 15*y**2 - 125*y + 24. What i